 0 = -2*r + g + 11. Suppose -12 = 4*d - 4*c, -11 = d - 8*c + r*c. Determine y(d).
4
Let n be 20/(-30) - (17/(-3) - 0). Let s(t) = -2*t**2 - n*t - t + 2 + 2*t + 0*t + 3*t**2. Determine s(4).
2
Let o(x) = -2*x. Let j be o(0). Let l(h) = -h + 1 + j*h + 7*h**2 - 18*h**3 + 17*h**3 + h**2. Determine l(7).
43
Let d be (-1 - 46/(-6)) + (-32)/48. Let k(t) = 5*t - 3*t**3 - t**2 + 2*t**3 - 6*t**2 - 9 + 2*t**3. Determine k(d).
-15
Let y(k) be the third derivative of k**6/60 + k**5/5 + 19*k**4/24 + 7*k**3 - 5*k**2 - 672. Determine y(-5).
-3
Let x(q) be the second derivative of -q**3/6 + 2*q**2 - 13*q. Let z(g) = -3*g + 8*g + 3*g - 50 - 6*g. Let i be z(25). Calculate x(i).
4
Let p(i) be the second derivative of -3/2*i**3 + 3/2*i**2 + 16*i + 11/12*i**4 - 1/20*i**5 - 1. What is p(10)?
13
Let q(d) = -59*d**2 + 8*d + 11. Let a(c) = 98*c**2 - 14*c - 23. Let p(j) = -3*a(j) - 5*q(j). What is p(-5)?
29
Let y(x) be the first derivative of -x**3/3 - 15*x**2/2 + 15*x - 1186. What is y(-18)?
-39
Let m(j) = -10*j + 47. Suppose 0 = 30*g - 114589 + 114319. Calculate m(g).
-43
Suppose -6*z = z - 14. Suppose -5*m - 3*k + 60 = z*k, k = -3*m + 26. Let h(x) = -x + 6. What is h(m)?
-1
Suppose -4*x - 99 = -5*y, -2*x + 13 + 64 = 3*y. Let q(p) = -p**2 + 31*p - 178. Calculate q(y).
6
Suppose 178*b = 179*b - 9. Suppose -10*c - b = 101. Let p(f) = -2*f - 27. Let v(a) = 3*a + 40. Let s(g) = -7*p(g) - 5*v(g). Determine s(c).
0
Suppose 0 = 13*a - 29*a - 32. Let u be a/((3*3/(-27))/1). Let o(k) = -k**2 + 4*k + 1. What is o(u)?
-11
Let y(k) = 3*k**3 + 2*k**2 - 2*k + 1. Let f(a) = -a**2 + 15. Let l be f(3). Let h be ((-8)/(-24))/(2/l). What is y(h)?
4
Let h(j) = j**3 - 4*j**2 - j + 1. Suppose -7*n + 3 = -4 - 7. Suppose -b = -2 - 0. Suppose -3*x - n*c = b*x - 6, 3*c + 4 = -x. What is h(x)?
-9
Let c(q) = q**3 + 7*q**2 - 2*q - 11. Suppose 0 = 3*l + 5*t + 5 - 3, -4*l - 22 = -3*t. Calculate c(l).
45
Let l(g) = g**2 - 5. Let k(w) = -4*w + 64. Let x be k(26). Let t be 23/5 - 2 - 16/x. Suppose 5*y = t*y - 3*y. Give l(y).
-5
Let w = 101 - 96. Let m(h) = -w*h**2 - 6*h + 0*h**2 + h**3 - 20 + 25. What is m(6)?
5
Suppose -33 = l + 4*i + 5, -5*l - 105 = 3*i. Let b(o) = 3*o - 9. Determine b(l).
-63
Let v be (-22 - -24)/(2/10) - 6. Suppose -12 = 2*f - v*h, 4*f = h + 2 - 12. Let r(k) = 6*k - 1. Let s(m) = m. Let a(o) = r(o) - 5*s(o). Calculate a(f).
-3
Let g(z) = -2*z**3 + 5*z**2 - 8*z + 5. Suppose -222 = 1064*k - 1145*k + 183. What is g(k)?
-160
Let n(b) = -18*b - 10. Let o(s) = 3*s + 4. Let h(z) = -4*n(z) - 11*o(z). What is h(2)?
74
Let i(l) = -l**3 - 10*l**2 - 13*l - 25. Let m be i(-9). Let u(d) be the first derivative of -d**4/4 + 10*d**3/3 + 11*d**2/2 + d + 2. Give u(m).
1
Let t = -4052 - -4046. Let r(w) = -w**3 - 8*w**2 - 6*w + 41. Determine r(t).
5
Let s(f) be the third derivative of -f**5/40 - f**4/24 - 4*f**3 + 68*f**2. Let i(r) be the first derivative of s(r). Determine i(-3).
8
Let p(s) = 399*s - 432*s + 26 + 158 - 13. What is p(5)?
6
Let o(w) = w**3 - 7*w**2 - 10*w + 10. Suppose 0 = -4*i - r + 22, 2*i + 40*r = 45*r + 44. What is o(i)?
-60
Let t be ((-6)/(-4))/(6/16). Let k(g) be the third derivative of -g**4/12 + g**3/3 - 6*g**2 + 7*g. Let o(q) = -q. Let i(n) = 3*k(n) - 5*o(n). Calculate i(t).
2
Let g = 92 + -87. Let m(n) = -n**3 + 8*n**2 - 9*n - 9. Let k be m(g). Suppose 28*p - 14 = k*p. Let o(v) = -v**3 + v**2 - 1. Calculate o(p).
-5
Let f(d) be the second derivative of 3*d**4/8 - d**3/6 - 17*d**2/2 - 3*d. Let t(u) be the first derivative of f(u). Calculate t(-2).
-19
Let q(s) be the second derivative of -5*s**3/6 - 14*s**2 - 19*s. Let z be q(-6). Let b(n) be the third derivative of n**4/3 - n**3/3 + n**2. Calculate b(z).
14
Let c(d) = -2*d**2 + 24*d - 7. Suppose 0 = -4*i + 24, w - 91 = -10*w + 5*i. Give c(w).
15
Let g(u) be the first derivative of u**4/2 + 7*u**3 + 4*u**2 + 26*u + 951. Calculate g(-10).
46
Let t be ((-3)/6)/((-662)/3972). Let u(j) be the third derivative of -j**4/12 - j**3/6 + j**2. Determine u(t).
-7
Let b(n) be the second derivative of 11*n**5/20 + 2*n**3/3 + 3*n**2/2 - n + 7373. Determine b(-1).
-12
Let m = 63 - 54. Let f(b) = -b + 0*b - m - b + 0*b. Determine f(-6).
3
Let i(n) = -n + 4 - n + 3 - 1. Suppose 28*u = 8*u - 20. Let y = u - -8. Determine i(y).
-8
Let y(z) = -z**2 - 10*z - 16. Let r(l) = -7*l**2 + 85*l - 17. Let c be r(12). Determine y(c).
9
Let l be -19 - 6/(-2) - 3. Let o = 24 + l. Let y(v) = -v**2 + 4*v + 9. Let f be y(o). Let d(c) = c**2 - 4*c + 2. Calculate d(f).
2
Let i(j) = j**3 + 22*j**2 - 23*j + 31. Suppose -493*y = -495*y - 46. What is i(y)?
31
Let d(o) be the second derivative of -1/2*o**2 + 1/3*o**3 + 29 - 2*o. Calculate d(-1).
-3
Suppose -392 = -3*u + l, 5*l = 6*u + 10*l - 749. Suppose u*b - 30 = 123*b. Let r(o) = 2*o**2 - 6*o - 7. Calculate r(b).
13
Let s(d) = -839*d + 2614. Let r(w) = 303*w - 871. Let u(i) = -11*r(i) - 4*s(i). Calculate u(38).
-1
Let l be (3/2)/((-75)/200). Let n(a) = 3*a**2 + a - 2. Let s(i) = -i**2 - i. Let u(c) = l*s(c) - n(c). Suppose 6 = 5*d + 26. Calculate u(d).
6
Let z(u) = u - 3. Let v be (1 + -2)/((-6)/150). Suppose -6*t + v = -5. Suppose 3*n - 18 = -2*x, -t*x - 8 + 27 = n. Determine z(x).
0
Let a(c) = 3*c**3 + 7*c**2 - 5*c - 4. Let x(q) = 19*q**3 + 42*q**2 - 30*q - 25. Let z(m) = 13*a(m) - 2*x(m). Calculate z(-4).
66
Let j(s) = -451*s + 453. Let a be j(1). Let v(w) be the second derivative of 1/2*w**3 - 1/2*w**a - 28*w + 0. What is v(-4)?
-13
Let s(r) = -223*r + 1014. Let t(u) = -4235*u + 19200. Let h(o) = -115*s(o) + 6*t(o). Determine h(6).
0
Let p be (-2)/(-9)*(-6)/(-4)*15. Let s(q) = -q + 1. Let j(g) = 9*g**2 + 6*g - 5. Let l(z) = p*s(z) + j(z). Let r be 2*(5/2)/(-5). Calculate l(r).
8
Let l(o) = 9*o**3 - o**2 + 4*o + 5. Let z be l(-1). Let v be 10 + z*(-7)/(-21). Let c(p) = -p - 5. Let h(x) = x + 4. Let r(u) = -3*c(u) - 4*h(u). Give r(v).
-8
Let w be (-1)/6 + (-5 - 385/(-42)). Let g be -49*(16/w)/(-4). Let j(h) = -g*h**2 - 52*h**2 + 96*h**2 + h + h**3 - 2. Calculate j(5).
3
Let y(o) = -439*o - 1315. Let a be y(-3). Let v(b) be the first derivative of 1/2*b**a + 3*b - 34. Calculate v(3).
6
Let l(i) be the second derivative of i**6/120 + i**5/30 - i**4/8 - i**3/3 + 11*i**2/2 + 4*i + 1. Let r(q) be the second derivative of l(q). Calculate r(2).
17
Suppose 2 = -t, -1 - 1 = -3*d - 2*t. Let m(x) = x**d + x - 6 + 5 - 3*x. Suppose -106 - 18 = -27*y - 43. Determine m(y).
2
Let f(l) = -5*l**3 - 5*l**2 + 5*l + 11. Let x(r) = 3*r**3 + 3*r**2 - 3*r - 7. Let y(o) = -5*f(o) - 8*x(o). Let s = -86 - -133. Let t = -47 + s. Determine y(t).
1
Suppose 0 = -3*f, 0 = 10*d - 6*d + 5*f + 792. Let t = d - -200. Let b(y) = -2*y**3 + 2*y**2 + 3*y - 5. Give b(t).
-7
Let m(i) = -5*i**2 - 12*i - 21. Let c(o) = -o**2 + o + 1. Let l(q) = 4*c(q) - m(q). Let y be l(-13). Let a(f) = f**2 + 13*f - 14. What is a(y)?
0
Let u(l) be the first derivative of -5*l**2 + 3*l - 975. What is u(-19)?
193
Let g(b) = 5*b**2 + 36*b + 9. Let x be g(-7). Let n(s) = 3*s - x - s + 0*s + 8 - 2. What is n(3)?
10
Let x(t) = 2*t**3 + 10*t**2 + 6*t. Let f be ((-12)/(-22))/((-3)/22). What is x(f)?
8
Let c(f) = -3*f + 6. Let x(j) = 275 - 332 + 2*j + j. Let o be x(22). Determine c(o).
-21
Suppose 2*j - 3*s + 1 + 2 = 0, -3*j + 3*s = 3. Let t be (-24)/(-12) + j/(-3 + 2). Let y(m) = -36*m - 2*m**2 + 38*m - m**3 - m**t. What is y(-4)?
8
Suppose 81*b = 16 - 3 - 94. Let h(m) = 22*m + 26. Calculate h(b).
4
Suppose -7*o = -13 - 8. Let q(l) = -601 + o*l**2 + l**2 + 611 - 3*l**2 + 9*l. What is q(-7)?
-4
Let w(l) = -2*l**2 + 6*l - 23. Suppose -16*m + 2966 = 2886. Determine w(m).
-43
Let d(w) = 26*w - 49. Let u be d(2). Let s(q) = 1 - 3*q - 8*q**2 - 31*q + 34*q + q**u. Calculate s(8).
1
Let u(x) = 1528*x + 501 - 526 - 1519*x. Calculate u(15).
110
Let k be 9/(-6)*(-16)/6. Suppose 0*n - 5*a = -n + 23, 4*n - k*a = 28. Let c(o) = -5*o + o - n + 5 - o. What is c(5)?
-23
Let z(c) = -27*c + 91*c**2 - 310*c**3 + 309*c**3 - 103*c**2 - 76. Give z(-10).
-6
Suppose 2*j = j - 1. Let n(m) = -1. Let x(a) = 80*a + 3. Let c(v) = 17*v + 1. Let d(k) = 10*c(k) - 2*x(k). Let p(z) = j*d(z) - 3*n(z). Determine p(1).
-11
Let x = -422 - -442. Suppose 0*s + z - 20 = 4*s, 4*s = -2*z - x. Let q(d) = -d**3 - 6*d**2 - 5*d - 6. Calculate q(s).
-6
Suppose -11*p - 2*v = -8*p - 1, 2*p = v + 10. Let x = p + 39. Let d be